, -2*d + 5*z - 40 = -3*d. What is the remainder when d is divided by l?
7
Let l = 11 - -5. Let m = l + -5. Calculate the remainder when 20 is divided by m.
9
Suppose 2*o - p = 6 - 3, -4*p + 21 = 3*o. What is the remainder when 3 is divided by o?
0
Suppose c - 9 = -3*a, 4*c + 2*a - 17 = 69. What is the remainder when c is divided by 9?
6
Calculate the remainder when 65 is divided by ((-24)/(-6))/(6/51).
31
Calculate the remainder when (87/(-12) - 0)*(-4)/1 is divided by 15.
14
Let o(l) = -6*l + 4. Calculate the remainder when o(-5) is divided by 19.
15
Suppose -2*j = 2*j - 8. Suppose -j*l + 7*l = 165. What is the remainder when l is divided by 12?
9
Suppose -7 = -4*o + 1. Let h(t) = 5*t**2 - t**2 - t**3 + 3*t - t**2 - t**o. What is the remainder when 27 is divided by h(-2)?
7
Let l be 10/30 - (-22)/6. Calculate the remainder when 34 is divided by 2/l - (-68)/8.
7
Suppose 3*u + 26 = 59. Calculate the remainder when 20 is divided by u.
9
Suppose -4*k = 4 - 16. What is the remainder when 10 is divided by k?
1
Let c = 17 + -10. Suppose -6 = -2*z + z. What is the remainder when ((-9)/z)/(6/(-80)) is divided by c?
6
Let a(w) = w**3 - 13*w**2 + 2*w + 4. Calculate the remainder when a(13) is divided by 12.
6
Let x = 33 - 19. What is the remainder when 39 is divided by x?
11
Let x(n) = -3 + 1 + 2 + 2*n - 1. Let c(d) = -d - 4. What is the remainder when x(2) is divided by c(-6)?
1
Suppose 3*m + 3 = -12. Let l = m - -7. Calculate the remainder when 6 is divided by l.
0
Let o(a) = -a**3 - 9*a**2 - 10*a - 9. Calculate the remainder when 11 is divided by o(-8).
4
Suppose -7*b = -9*b + 12. Calculate the remainder when b is divided by (-24)/(-10) + 6/(-15).
0
Suppose 3*f = 2*m + 2*f - 29, -2*f - 72 = -5*m. Suppose 0 = -2*c + 18 + 88. What is the remainder when c is divided by m?
11
Let y be (-1)/4 - 20/(-16). Let a = -11 - -16. What is the remainder when a is divided by 12/30*(6 - y)?
1
Let c = 15 - -20. Suppose c = j + 4*j. Calculate the remainder when 11 is divided by j.
4
Suppose 3*m + 3*a - 66 = -2*a, -2*a - 66 = -3*m. What is the remainder when 108 is divided by m?
20
Let f(y) = 2*y**2 + 6*y - 1. Calculate the remainder when f(-5) is divided by 7.
5
Suppose 3 = -i + 15. What is the remainder when 21 is divided by i?
9
Let k(i) = -i**3 + 10*i**2 - 9*i + 2. Let g = 1 - -8. Let u = 9 - 6. Calculate the remainder when u is divided by k(g).
1
Calculate the remainder when (1/2)/(0 + (-3)/(-768)) is divided by 43.
42
Let k(w) = w + 11. What is the remainder when 97 is divided by k(14)?
22
Let o = -38 + 67. Let a = -2 + 7. Suppose -h = -4*h + a*l + 50, 5*h - 5*l = 70. Calculate the remainder when o is divided by h.
9
Suppose -2*c + 86 = -4*q + 3*q, -5*c + 204 = 3*q. Suppose 4*s - 65 - 83 = 0. Let z = s + -22. Calculate the remainder when c is divided by z.
12
Let i = -1 - -20. Suppose -4*j = -61 - 83. What is the remainder when j is divided by i?
17
Let f(u) = -25*u**3 + 1. Let n be f(1). Let r = -17 - n. What is the remainder when r is divided by 5?
2
Let w(z) = z**3 - 5*z**2 + 5*z - 6. What is the remainder when (12/(-10))/(2/(-60)) is divided by w(5)?
17
Let r(u) = -u**2 + 4*u + 3. What is the remainder when 14 is divided by r(4)?
2
Suppose -2*c + 2*x - 2 = -2*x, 0 = 2*c + 3*x - 12. Suppose i + c*i = 0. Suppose i = s + 3*s - 52. What is the remainder when 24 is divided by s?
11
Let h be 8/5 + 2/5. Suppose -h*a = -3*a - 5. Let j(z) = z + 7. What is the remainder when 7 is divided by j(a)?
1
Suppose -3*d + 34 + 203 = 0. Let w = -49 + d. Suppose -h + 17 = 3*c - 6, 4*c - w = -h. Calculate the remainder when 20 is divided by c.
6
Suppose -u = -3*u. Let s(v) = -v**2 + 3*v + 9. What is the remainder when (-36)/(0 + -2) - u is divided by s(4)?
3
Calculate the remainder when 10/(-2) - -3 - -27 is divided by 9.
7
Suppose -5*g - 27 = -7, 0 = 5*o - 4*g - 26. Calculate the remainder when 24 is divided by 1 + o - 0 - -6.
6
Suppose -d + 3*j = -18, -3*d + 5*j + 49 = j. Suppose 2*i - 71 - 65 = -2*s, 2*i = -s + 139. Suppose h = -27 + i. Calculate the remainder when h is divided by d.
14
Calculate the remainder when 45 is divided by 8 + 5*(-8)/(-10).
9
Let l(w) be the third derivative of w**5/60 + w**4/12 - 2*w**3/3 + 3*w**2. What is the remainder when l(-9) is divided by 20?
19
Suppose -4*m + 3*m + 7 = f, -2*f = 5*m - 8. What is the remainder when 24 is divided by f?
6
Let h = -3 - -4. Suppose 4*g - 3*g = -2*o - 6, -3*o = g + 10. Let w = g - 1. What is the remainder when w is divided by h?
0
Suppose -3*o = -38 - 31. Calculate the remainder when o is divided by 13.
10
Let k(y) be the second derivative of y**5/20 - y**4/3 - y**3/2 + 7*y**2/2 + 5*y. Calculate the remainder when k(6) is divided by 16.
13
Let f = 77 - 21. Suppose -4*y + 2*l + f = -l, -4*l = 5*y - 101. Calculate the remainder when 48 is divided by y.
14
Let o(y) = -y**3 + 13*y**2 + 3. What is the remainder when 9 is divided by o(13)?
0
Let i be 5 + (1 + -1)/(-3). Let j(d) = d + 7. Let a be j(i). Suppose -4*u = a, 4*t - 2*u - 45 = t. Calculate the remainder when 37 is divided by t.
11
Let z = 15 + -10. Suppose -z*o = -104 - 186. Calculate the remainder when o is divided by 20.
18
Suppose b + 2*g = 34, 2*b = 3*b - 4*g - 16. Suppose -y = -1 + 2. Calculate the remainder when b is divided by (-15)/((y + 2)*-1).
13
Suppose 0 = 2*g - 23 - 7. Calculate the remainder when g is divided by 9.
6
What is the remainder when ((-29)/3 - -1)*36/(-24) is divided by 7?
6
Suppose -5 = -5*y - 5*w, -y + 2*w = y - 2. Let i = 8 + y. Suppose t - 5*m - 11 = -0*t, -4*t + 67 = 3*m. What is the remainder when t is divided by i?
7
Suppose 3*x = -4*y + 100, -y = 4*x - 0*y - 142. What is the remainder when x is divided by 13?
10
Calculate the remainder when 150/(-6)*(-1 - 0) is divided by 15.
10
Calculate the remainder when 69 is divided by 5/15 + 71/3.
21
Suppose 0*a = -4*g + 2*a + 6, g - 5*a = -21. Let p = g - -1. Suppose -4*y = -4*s - 76, -y + p*s + 20 = 1. Calculate the remainder when 56 is divided by y.
18
Suppose 0 = -4*h, 4*b + 0*h + 5*h + 32 = 0. Let i = 0 - b. Calculate the remainder when i is divided by 5.
3
Suppose -3*n = -2*k + 7*k - 175, 3*n - 143 = -4*k. Suppose 3*s - k = -11. Calculate the remainder when s is divided by 4.
3
Suppose 4*r = -2*r + 318. What is the remainder when r is divided by 14?
11
Let t(z) = -8*z**3 - z**2 - z - 1. What is the remainder when 18 - (-1 - -2)*-1 is divided by t(-1)?
5
Let x = -19 + 29. Suppose -5*p + 27 = -v + 4*v, -12 = -3*v. What is the remainder when x is divided by p?
1
Let v = -87 + 129. What is the remainder when v is divided by 24?
18
Let z(p) = -5*p - 34. Calculate the remainder when 30 is divided by z(-9).
8
Let o(m) = -m**2 - 7*m + 54. What is the remainder when 106 is divided by o(0)?
52
Let p(u) = -u**3 + 23*u**2 + 26*u + 17. Calculate the remainder when p(24) is divided by 17.
14
Suppose 4*m = 1 - 5. Let q = m - -2. Suppose 3*r = d + 50, d - 19 + q = -r. What is the remainder when r is divided by 6?
5
Let l be ((-9)/5 + 1)*-5. Suppose -2*m - 5*u = -7, l*m - 23 - 27 = 2*u. What is the remainder when 41 is divided by m?
8
Let r(y) = y**2 + 4. Suppose 66 = 2*k + 4*k. Calculate the remainder when r(4) is divided by k.
9
Let x(q) = -q**3 - 10*q**2 + 9*q + 9. Let h(n) = 12*n - 1. Calculate the remainder when x(-11) is divided by h(1).
9
Suppose -3*r + q + 148 = 0, -4*r - 4*q - 45 + 221 = 0. What is the remainder when 334 is divided by r?
46
Calculate the remainder when 34 is divided by (-6)/(-15)*175/10.
6
Let d be ((-28)/35)/((-2)/5). Let i = d - -5. Calculate the remainder when 18 is divided by i.
4
Let w be ((-123)/6)/(3/24). What is the remainder when 8/(-36) + w/(-9) is divided by 10?
8
Let r = -2 - -17. Let x(i) be the first derivative of -5*i**2/2 + 3*i + 2. Calculate the remainder when x(-5) is divided by r.
13
Suppose 4*o + 133 + 19 = 0. Let n = -60 - -115. What is the remainder when n is divided by (3/(-6) + 0)*o?
17
Suppose 5*q - 11 = -m, -2*q + 31 = 4*m - 13. Calculate the remainder when m is divided by 3.
2
Suppose -3*o - 2*a - 3*a = -242, -5*o - 3*a = -414. Calculate the remainder when o/10 + (-2)/5 is divided by (0 + -1)*(-2 + -1).
2
Suppose -y + 4*y + 15 = 0, 2*g + 4*y = 0. Let o(q) = 4 + q**3 + 7*q + g + 7*q**2 - 5. Calculate the remainder when 9 is divided by o(-6).
0
Cal